{"id":1139,"date":"2020-08-04T15:02:33","date_gmt":"2020-08-04T13:02:33","guid":{"rendered":"https:\/\/flexsim-ato.com\/?page_id=1139"},"modified":"2025-02-25T10:14:15","modified_gmt":"2025-02-25T09:14:15","slug":"teaching-and-learning","status":"publish","type":"page","link":"https:\/\/flexsim-ato.com\/index.php\/teaching-and-learning\/","title":{"rendered":"Teaching &#038; Learning"},"content":{"rendered":"<div  id=\"content-4\" class=\"content-right-image-section content-image-right\" style=\"background-color: rgb(255, 255, 255); background-image: none;\" data-label=\"Content\" data-id=\"content-image-right\" data-category=\"content\" data-ovid=\"ovid-content-4-104\">\n<div  class=\"gridContainer\">\n<div  class=\"content-right-image-gridcol\">\n<div  class=\"content-right-image-textcol dynamic-color\" data-type=\"column\">\n<h2  class=\"\">Teaching and Learning<\/h2>\n\n<p  class=\"\">FLEXSIM propose un stage \u00ab Teaching &amp; Learning \u00bb de 4 jours (25 heures). Ce stage est un pr\u00e9requis \u00e0 toute formation instructeur.<\/p><p  class=\"\">Ce stage vous permet de d\u00e9velopper les notions d\u2019apprentissage et d\u2019enseignement avec notamment des exercices interactifs et des discussions en groupe. Ce stage est conforme aux recommendations EASA et valable pour tout type avion. Il est acquis d\u00e9finitivement.<\/p>\n<a  class=\"button color1\" href=\"https:\/\/flexsim-ato.com\/wp-content\/uploads\/2024\/11\/2024-NOV-20-FR-FLEXSIM-TL.pdf\" target=\"lightbox\" rel=\"noopener\" data-icon=\"fa-file-pdf-o\"><span  class=\"button-icon fa fa-file-pdf-o\"><\/span>Fiche formation T&amp;L<\/a>\n<h5  class=\"\">Derni\u00e8re mise \u00e0 jour : 29\/07\/2024<\/h5>\n<\/div>\n<div  class=\"content-right-image-imgcol\" data-type=\"column\"><img  decoding=\"async\" class=\"\" src=\"https:\/\/flexsim-ato.com\/wp-content\/uploads\/2020\/08\/pilote-redige-un-rapport-scaled.jpg\" onmousedown=\"return false\" onselectstart=\"return false\"><\/div>\n<\/div>\n<\/div>\n<\/div><div  id=\"cta-1\" class=\"cta-centered-bg-section white-text\" style=\"background-color: #ffffff; background-image: url('https:\/\/flexsim-ato.com\/wp-content\/uploads\/2020\/07\/panneau-superieur-scaled.jpg'); background-size: cover; background-position: center top;\" data-label=\"Cta\" data-id=\"cta-centered-bg-section\" data-category=\"cta\" data-parallax-depth=\"20\" data-ovid=\"ovid-cta-1-107\">\n<div  class=\"gridContainer\">\n<div  class=\"cta-centered-bg-section-row\">\n<div  class=\"cta-centered-bg-section-row-2\">\n<div  class=\"cta-centered-bg-section-col dynamic-color\" data-type=\"column\">\n<h3  class=\"cta-centered-bg-section-title\"><span  class=\"cta-centered-bg-section-title-bold\">Inscrivez-vous d\u00e8s maintenant !<\/span><\/h3>\n<a  class=\"button color1 white-text\" href=\"https:\/\/flexsim-ato.com\/index.php\/contact\" target=\"_self\" rel=\"noopener noreferrer\" data-icon=\"fa-envelope-o\"><span  class=\"button-icon fa fa-envelope-o\"><\/span> Demande de renseignements <\/a>\n\n<\/div>\n<\/div>\n<\/div>\n<\/div>\n<\/div><div  data-label=\"About us\" data-id=\"about-image-section-pro\" data-category=\"about\" class=\"about-image-section-pro\" id=\"about-us-2\" style=\"background-color: rgb(255, 255, 255);\"> <div  class=\"gridContainer\"> <div  class=\"row about-image-gridcol-pro\"> <div  class=\"about-image-textcol-pro\" data-type=\"column\"> <h2  class=\"\">Prix et d\u00e9lais d\u2019acc\u00e8s<\/h2> <p  class=\"\">Toutes nos formations sont planifi\u00e9es \u201c\u00e0 la carte\u201d en fonction de vos disponibilit\u00e9s, des disponibilit\u00e9s instructeurs et simulateur.<\/p> <h5  class=\"\">CPF : d\u00e9lais administratif suppl\u00e9mentaire de 11 jours ouvr\u00e9s (hors jours f\u00e9ri\u00e9s)<\/h5><h3  class=\"\">1 350 \u20ac<\/h3><h6  class=\"\">TVA non applicable<\/h6><h5  class=\"\">Par stagiaire sur base d\u2019un bin\u00f4me constitu\u00e9.<\/h5><\/div> <div  data-type=\"column\" class=\"\">  <\/div> <\/div> <\/div> <\/div>","protected":false},"excerpt":{"rendered":"<p>Teaching and Learning FLEXSIM propose un stage \u00ab Teaching &amp; Learning \u00bb de 4 jours (25 heures). Ce stage est un pr\u00e9requis \u00e0 toute formation instructeur.Ce stage vous permet de d\u00e9velopper les notions d\u2019apprentissage et d\u2019enseignement avec notamment des exercices interactifs et des discussions en groupe. Ce stage est conforme aux recommendations EASA et valable&hellip; <br \/> <a class=\"button small blue\" href=\"https:\/\/flexsim-ato.com\/index.php\/en\/2022\/04\/21\/4337\/\">Lire la suite<\/a><\/p>\n","protected":false},"author":2,"featured_media":0,"parent":0,"menu_order":0,"comment_status":"closed","ping_status":"closed","template":"full-width-page.php","meta":{"footnotes":""},"folder":[90],"class_list":["post-1139","page","type-page","status-publish","hentry"],"yoast_head":"<!-- This site is optimized with the Yoast SEO Premium plugin v26.9 (Yoast SEO v26.9) - https:\/\/yoast.com\/product\/yoast-seo-premium-wordpress\/ -->\n<title>Teaching &amp; Learning Flexsim ATO<\/title>\n<meta name=\"description\" content=\"Teaching &amp; Learning permet de d\u00e9velopper les notions d\u2019apprentissage et d\u2019enseignement avec des exercices interactifs et des discussions en groupe.\" \/>\n<meta name=\"robots\" content=\"index, follow, max-snippet:-1, max-image-preview:large, max-video-preview:-1\" \/>\n<link rel=\"canonical\" href=\"https:\/\/flexsim-ato.com\/index.php\/teaching-and-learning\/\" \/>\n<meta property=\"og:locale\" content=\"fr_FR\" \/>\n<meta property=\"og:type\" content=\"article\" \/>\n<meta property=\"og:title\" content=\"Teaching &amp; Learning\" \/>\n<meta property=\"og:description\" content=\"Teaching &amp; Learning permet de d\u00e9velopper les notions d\u2019apprentissage et d\u2019enseignement avec des exercices interactifs et des discussions en groupe.\" \/>\n<meta property=\"og:url\" content=\"https:\/\/flexsim-ato.com\/index.php\/teaching-and-learning\/\" \/>\n<meta property=\"og:site_name\" content=\"FLEXSIM-ATO\" \/>\n<meta property=\"article:modified_time\" content=\"2025-02-25T09:14:15+00:00\" \/>\n<meta property=\"og:image\" content=\"https:\/\/flexsim-ato.com\/wp-content\/uploads\/2020\/08\/pilote-redige-un-rapport-scaled.jpg\" \/>\n<meta name=\"twitter:card\" content=\"summary_large_image\" \/>\n<script type=\"application\/ld+json\" class=\"yoast-schema-graph\">{\"@context\":\"https:\/\/schema.org\",\"@graph\":[{\"@type\":\"WebPage\",\"@id\":\"https:\/\/flexsim-ato.com\/index.php\/teaching-and-learning\/\",\"url\":\"https:\/\/flexsim-ato.com\/index.php\/teaching-and-learning\/\",\"name\":\"Teaching & Learning Flexsim ATO\",\"isPartOf\":{\"@id\":\"https:\/\/flexsim-ato.com\/#website\"},\"primaryImageOfPage\":{\"@id\":\"https:\/\/flexsim-ato.com\/index.php\/teaching-and-learning\/#primaryimage\"},\"image\":{\"@id\":\"https:\/\/flexsim-ato.com\/index.php\/teaching-and-learning\/#primaryimage\"},\"thumbnailUrl\":\"https:\/\/flexsim-ato.com\/wp-content\/uploads\/2020\/08\/pilote-redige-un-rapport-scaled.jpg\",\"datePublished\":\"2020-08-04T13:02:33+00:00\",\"dateModified\":\"2025-02-25T09:14:15+00:00\",\"description\":\"Teaching & Learning permet de d\u00e9velopper les notions d\u2019apprentissage et d\u2019enseignement avec des exercices interactifs et des discussions en groupe.\",\"breadcrumb\":{\"@id\":\"https:\/\/flexsim-ato.com\/index.php\/teaching-and-learning\/#breadcrumb\"},\"inLanguage\":\"fr-FR\",\"potentialAction\":[{\"@type\":\"ReadAction\",\"target\":[\"https:\/\/flexsim-ato.com\/index.php\/teaching-and-learning\/\"]}]},{\"@type\":\"ImageObject\",\"inLanguage\":\"fr-FR\",\"@id\":\"https:\/\/flexsim-ato.com\/index.php\/teaching-and-learning\/#primaryimage\",\"url\":\"https:\/\/flexsim-ato.com\/wp-content\/uploads\/2020\/08\/pilote-redige-un-rapport-scaled.jpg\",\"contentUrl\":\"https:\/\/flexsim-ato.com\/wp-content\/uploads\/2020\/08\/pilote-redige-un-rapport-scaled.jpg\",\"width\":1920,\"height\":1280,\"caption\":\"Pilot write\"},{\"@type\":\"BreadcrumbList\",\"@id\":\"https:\/\/flexsim-ato.com\/index.php\/teaching-and-learning\/#breadcrumb\",\"itemListElement\":[{\"@type\":\"ListItem\",\"position\":1,\"name\":\"Home\",\"item\":\"https:\/\/flexsim-ato.com\/\"},{\"@type\":\"ListItem\",\"position\":2,\"name\":\"Teaching &#038; Learning\"}]},{\"@type\":\"WebSite\",\"@id\":\"https:\/\/flexsim-ato.com\/#website\",\"url\":\"https:\/\/flexsim-ato.com\/\",\"name\":\"FLEXSIM-ATO\",\"description\":\"\",\"publisher\":{\"@id\":\"https:\/\/flexsim-ato.com\/#organization\"},\"potentialAction\":[{\"@type\":\"SearchAction\",\"target\":{\"@type\":\"EntryPoint\",\"urlTemplate\":\"https:\/\/flexsim-ato.com\/?s={search_term_string}\"},\"query-input\":{\"@type\":\"PropertyValueSpecification\",\"valueRequired\":true,\"valueName\":\"search_term_string\"}}],\"inLanguage\":\"fr-FR\"},{\"@type\":\"Organization\",\"@id\":\"https:\/\/flexsim-ato.com\/#organization\",\"name\":\"FLEXSIM-ATO\",\"url\":\"https:\/\/flexsim-ato.com\/\",\"logo\":{\"@type\":\"ImageObject\",\"inLanguage\":\"fr-FR\",\"@id\":\"https:\/\/flexsim-ato.com\/#\/schema\/logo\/image\/\",\"url\":\"https:\/\/flexsim-ato.com\/wp-content\/uploads\/2020\/07\/flexsim_logotype_fullcolor.png\",\"contentUrl\":\"https:\/\/flexsim-ato.com\/wp-content\/uploads\/2020\/07\/flexsim_logotype_fullcolor.png\",\"width\":1279,\"height\":392,\"caption\":\"FLEXSIM-ATO\"},\"image\":{\"@id\":\"https:\/\/flexsim-ato.com\/#\/schema\/logo\/image\/\"}}]}<\/script>\n<!-- \/ Yoast SEO Premium plugin. -->","yoast_head_json":{"title":"Teaching & Learning Flexsim ATO","description":"Teaching & Learning permet de d\u00e9velopper les notions d\u2019apprentissage et d\u2019enseignement avec des exercices interactifs et des discussions en groupe.","robots":{"index":"index","follow":"follow","max-snippet":"max-snippet:-1","max-image-preview":"max-image-preview:large","max-video-preview":"max-video-preview:-1"},"canonical":"https:\/\/flexsim-ato.com\/index.php\/teaching-and-learning\/","og_locale":"fr_FR","og_type":"article","og_title":"Teaching & Learning","og_description":"Teaching & Learning permet de d\u00e9velopper les notions d\u2019apprentissage et d\u2019enseignement avec des exercices interactifs et des discussions en groupe.","og_url":"https:\/\/flexsim-ato.com\/index.php\/teaching-and-learning\/","og_site_name":"FLEXSIM-ATO","article_modified_time":"2025-02-25T09:14:15+00:00","og_image":[{"url":"https:\/\/flexsim-ato.com\/wp-content\/uploads\/2020\/08\/pilote-redige-un-rapport-scaled.jpg","type":"","width":"","height":""}],"twitter_card":"summary_large_image","schema":{"@context":"https:\/\/schema.org","@graph":[{"@type":"WebPage","@id":"https:\/\/flexsim-ato.com\/index.php\/teaching-and-learning\/","url":"https:\/\/flexsim-ato.com\/index.php\/teaching-and-learning\/","name":"Teaching & Learning Flexsim ATO","isPartOf":{"@id":"https:\/\/flexsim-ato.com\/#website"},"primaryImageOfPage":{"@id":"https:\/\/flexsim-ato.com\/index.php\/teaching-and-learning\/#primaryimage"},"image":{"@id":"https:\/\/flexsim-ato.com\/index.php\/teaching-and-learning\/#primaryimage"},"thumbnailUrl":"https:\/\/flexsim-ato.com\/wp-content\/uploads\/2020\/08\/pilote-redige-un-rapport-scaled.jpg","datePublished":"2020-08-04T13:02:33+00:00","dateModified":"2025-02-25T09:14:15+00:00","description":"Teaching & Learning permet de d\u00e9velopper les notions d\u2019apprentissage et d\u2019enseignement avec des exercices interactifs et des discussions en groupe.","breadcrumb":{"@id":"https:\/\/flexsim-ato.com\/index.php\/teaching-and-learning\/#breadcrumb"},"inLanguage":"fr-FR","potentialAction":[{"@type":"ReadAction","target":["https:\/\/flexsim-ato.com\/index.php\/teaching-and-learning\/"]}]},{"@type":"ImageObject","inLanguage":"fr-FR","@id":"https:\/\/flexsim-ato.com\/index.php\/teaching-and-learning\/#primaryimage","url":"https:\/\/flexsim-ato.com\/wp-content\/uploads\/2020\/08\/pilote-redige-un-rapport-scaled.jpg","contentUrl":"https:\/\/flexsim-ato.com\/wp-content\/uploads\/2020\/08\/pilote-redige-un-rapport-scaled.jpg","width":1920,"height":1280,"caption":"Pilot write"},{"@type":"BreadcrumbList","@id":"https:\/\/flexsim-ato.com\/index.php\/teaching-and-learning\/#breadcrumb","itemListElement":[{"@type":"ListItem","position":1,"name":"Home","item":"https:\/\/flexsim-ato.com\/"},{"@type":"ListItem","position":2,"name":"Teaching &#038; Learning"}]},{"@type":"WebSite","@id":"https:\/\/flexsim-ato.com\/#website","url":"https:\/\/flexsim-ato.com\/","name":"FLEXSIM-ATO","description":"","publisher":{"@id":"https:\/\/flexsim-ato.com\/#organization"},"potentialAction":[{"@type":"SearchAction","target":{"@type":"EntryPoint","urlTemplate":"https:\/\/flexsim-ato.com\/?s={search_term_string}"},"query-input":{"@type":"PropertyValueSpecification","valueRequired":true,"valueName":"search_term_string"}}],"inLanguage":"fr-FR"},{"@type":"Organization","@id":"https:\/\/flexsim-ato.com\/#organization","name":"FLEXSIM-ATO","url":"https:\/\/flexsim-ato.com\/","logo":{"@type":"ImageObject","inLanguage":"fr-FR","@id":"https:\/\/flexsim-ato.com\/#\/schema\/logo\/image\/","url":"https:\/\/flexsim-ato.com\/wp-content\/uploads\/2020\/07\/flexsim_logotype_fullcolor.png","contentUrl":"https:\/\/flexsim-ato.com\/wp-content\/uploads\/2020\/07\/flexsim_logotype_fullcolor.png","width":1279,"height":392,"caption":"FLEXSIM-ATO"},"image":{"@id":"https:\/\/flexsim-ato.com\/#\/schema\/logo\/image\/"}}]}},"_links":{"self":[{"href":"https:\/\/flexsim-ato.com\/index.php\/wp-json\/wp\/v2\/pages\/1139","targetHints":{"allow":["GET"]}}],"collection":[{"href":"https:\/\/flexsim-ato.com\/index.php\/wp-json\/wp\/v2\/pages"}],"about":[{"href":"https:\/\/flexsim-ato.com\/index.php\/wp-json\/wp\/v2\/types\/page"}],"author":[{"embeddable":true,"href":"https:\/\/flexsim-ato.com\/index.php\/wp-json\/wp\/v2\/users\/2"}],"replies":[{"embeddable":true,"href":"https:\/\/flexsim-ato.com\/index.php\/wp-json\/wp\/v2\/comments?post=1139"}],"version-history":[{"count":42,"href":"https:\/\/flexsim-ato.com\/index.php\/wp-json\/wp\/v2\/pages\/1139\/revisions"}],"predecessor-version":[{"id":6153,"href":"https:\/\/flexsim-ato.com\/index.php\/wp-json\/wp\/v2\/pages\/1139\/revisions\/6153"}],"wp:attachment":[{"href":"https:\/\/flexsim-ato.com\/index.php\/wp-json\/wp\/v2\/media?parent=1139"}],"wp:term":[{"taxonomy":"folder","embeddable":true,"href":"https:\/\/flexsim-ato.com\/index.php\/wp-json\/wp\/v2\/folder?post=1139"}],"curies":[{"name":"wp","href":"https:\/\/api.w.org\/{rel}","templated":true}]}}